{"id":1623,"date":"2022-04-19T16:15:06","date_gmt":"2022-04-19T16:15:06","guid":{"rendered":"http:\/\/gochiapas.com\/?page_id=1623"},"modified":"2022-04-19T16:26:11","modified_gmt":"2022-04-19T16:26:11","slug":"merida","status":"publish","type":"page","link":"https:\/\/gochiapas.com\/index.php\/merida\/","title":{"rendered":"M\u00e9rida"},"content":{"rendered":"\t\t<div data-elementor-type=\"wp-page\" data-elementor-id=\"1623\" class=\"elementor elementor-1623\" data-elementor-post-type=\"page\">\n\t\t\t\t\t\t<section class=\"elementor-section elementor-top-section elementor-element elementor-element-55f1ae9 elementor-section-boxed elementor-section-height-default elementor-section-height-default\" data-id=\"55f1ae9\" data-element_type=\"section\" data-e-type=\"section\" data-settings=\"{&quot;background_background&quot;:&quot;classic&quot;,&quot;background_motion_fx_motion_fx_mouse&quot;:&quot;yes&quot;,&quot;background_motion_fx_mouseTrack_effect&quot;:&quot;yes&quot;,&quot;background_motion_fx_mouseTrack_speed&quot;:{&quot;unit&quot;:&quot;px&quot;,&quot;size&quot;:1,&quot;sizes&quot;:[]}}\">\n\t\t\t\t\t\t\t<div class=\"elementor-background-overlay\"><\/div>\n\t\t\t\t\t\t\t<div class=\"elementor-container elementor-column-gap-default\">\n\t\t\t\t\t<div class=\"elementor-column elementor-col-100 elementor-top-column elementor-element elementor-element-95c91b7\" data-id=\"95c91b7\" data-element_type=\"column\" data-e-type=\"column\">\n\t\t\t<div class=\"elementor-widget-wrap elementor-element-populated\">\n\t\t\t\t\t\t<div class=\"elementor-element elementor-element-447f2d0 elementor-widget elementor-widget-heading\" data-id=\"447f2d0\" data-element_type=\"widget\" data-e-type=\"widget\" data-widget_type=\"heading.default\">\n\t\t\t\t<div class=\"elementor-widget-container\">\n\t\t\t\t\t<h2 class=\"elementor-heading-title elementor-size-default\">M\u00e9rida<\/h2>\t\t\t\t<\/div>\n\t\t\t\t<\/div>\n\t\t\t\t<div class=\"elementor-element elementor-element-a853f4f elementor-widget elementor-widget-heading\" data-id=\"a853f4f\" data-element_type=\"widget\" data-e-type=\"widget\" data-widget_type=\"heading.default\">\n\t\t\t\t<div class=\"elementor-widget-container\">\n\t\t\t\t\t<h2 class=\"elementor-heading-title elementor-size-default\">La belleza de Yucat\u00e1n enmarcadas por M\u00e9rida, cenotes, playas y textiles.<\/h2>\t\t\t\t<\/div>\n\t\t\t\t<\/div>\n\t\t\t\t<div class=\"elementor-element elementor-element-eae8720 elementor-align-center elementor-widget elementor-widget-button\" data-id=\"eae8720\" data-element_type=\"widget\" data-e-type=\"widget\" data-widget_type=\"button.default\">\n\t\t\t\t<div class=\"elementor-widget-container\">\n\t\t\t\t\t\t\t\t\t<div class=\"elementor-button-wrapper\">\n\t\t\t\t\t<a class=\"elementor-button elementor-button-link elementor-size-sm\" href=\"#descubre\">\n\t\t\t\t\t\t<span class=\"elementor-button-content-wrapper\">\n\t\t\t\t\t\t\t\t\t<span class=\"elementor-button-text\">Descubre<\/span>\n\t\t\t\t\t<\/span>\n\t\t\t\t\t<\/a>\n\t\t\t\t<\/div>\n\t\t\t\t\t\t\t\t<\/div>\n\t\t\t\t<\/div>\n\t\t\t\t\t<\/div>\n\t\t<\/div>\n\t\t\t\t\t<\/div>\n\t\t<\/section>\n\t\t\t\t<section class=\"elementor-section elementor-top-section elementor-element elementor-element-57ed4b3 elementor-section-full_width elementor-section-height-default elementor-section-height-default\" data-id=\"57ed4b3\" data-element_type=\"section\" data-e-type=\"section\">\n\t\t\t\t\t\t<div class=\"elementor-container elementor-column-gap-default\">\n\t\t\t\t\t<div class=\"elementor-column elementor-col-100 elementor-top-column elementor-element elementor-element-ec27e69\" data-id=\"ec27e69\" data-element_type=\"column\" data-e-type=\"column\">\n\t\t\t<div class=\"elementor-widget-wrap elementor-element-populated\">\n\t\t\t\t\t\t<div class=\"elementor-element elementor-element-1437495 elementor-widget elementor-widget-menu-anchor\" data-id=\"1437495\" data-element_type=\"widget\" data-e-type=\"widget\" data-widget_type=\"menu-anchor.default\">\n\t\t\t\t<div class=\"elementor-widget-container\">\n\t\t\t\t\t\t\t<div class=\"elementor-menu-anchor\" id=\"descubre\"><\/div>\n\t\t\t\t\t\t<\/div>\n\t\t\t\t<\/div>\n\t\t\t\t<div class=\"elementor-element elementor-element-1a9879c elementor-grid-3 elementor-grid-tablet-2 elementor-grid-mobile-1 elementor-widget elementor-widget-portfolio\" data-id=\"1a9879c\" data-element_type=\"widget\" data-e-type=\"widget\" data-settings=\"{&quot;columns&quot;:&quot;3&quot;,&quot;columns_tablet&quot;:&quot;2&quot;,&quot;columns_mobile&quot;:&quot;1&quot;,&quot;item_ratio&quot;:{&quot;unit&quot;:&quot;px&quot;,&quot;size&quot;:0.66,&quot;sizes&quot;:[]},&quot;item_gap&quot;:{&quot;unit&quot;:&quot;px&quot;,&quot;size&quot;:&quot;&quot;,&quot;sizes&quot;:[]},&quot;row_gap&quot;:{&quot;unit&quot;:&quot;px&quot;,&quot;size&quot;:&quot;&quot;,&quot;sizes&quot;:[]}}\" data-widget_type=\"portfolio.default\">\n\t\t\t\t<div class=\"elementor-widget-container\">\n\t\t\t\t\t\t\t<div class=\"elementor-portfolio elementor-grid elementor-posts-container\" role=\"list\">\n\t\t\t\t<article class=\"elementor-portfolio-item elementor-post elementor-filter-1 post-1681 post type-post status-publish format-standard has-post-thumbnail hentry category-uncategorized tag-atractivos_turisticos tag-merida\" role=\"listitem\">\n\t\t\t<a class=\"elementor-post__thumbnail__link\" href=\"https:\/\/gochiapas.com\/index.php\/2022\/04\/19\/uxmal\/\">\n\t\t\t\t<div class=\"elementor-portfolio-item__img elementor-post__thumbnail\">\n\t\t\t<img fetchpriority=\"high\" decoding=\"async\" width=\"2047\" height=\"1365\" src=\"https:\/\/gochiapas.com\/wp-content\/uploads\/2022\/04\/Uxmal-yucatan-flickr.jpg\" class=\"attachment-full size-full wp-image-1684\" alt=\"\" srcset=\"https:\/\/gochiapas.com\/wp-content\/uploads\/2022\/04\/Uxmal-yucatan-flickr.jpg 2047w, https:\/\/gochiapas.com\/wp-content\/uploads\/2022\/04\/Uxmal-yucatan-flickr-300x200.jpg 300w, https:\/\/gochiapas.com\/wp-content\/uploads\/2022\/04\/Uxmal-yucatan-flickr-1024x683.jpg 1024w, https:\/\/gochiapas.com\/wp-content\/uploads\/2022\/04\/Uxmal-yucatan-flickr-768x512.jpg 768w, https:\/\/gochiapas.com\/wp-content\/uploads\/2022\/04\/Uxmal-yucatan-flickr-1536x1024.jpg 1536w\" sizes=\"(max-width: 2047px) 100vw, 2047px\" \/>\t\t<\/div>\n\t\t\t\t<div class=\"elementor-portfolio-item__overlay\">\n\t\t\t\t<h3 class=\"elementor-portfolio-item__title\">\n\t\tUxmal\t\t<\/h3>\n\t\t\t\t<\/div>\n\t\t\t\t<\/a>\n\t\t<\/article>\n\t\t\t\t<article class=\"elementor-portfolio-item elementor-post elementor-filter-1 post-1670 post type-post status-publish format-standard has-post-thumbnail hentry category-uncategorized tag-atractivos_turisticos tag-merida\" role=\"listitem\">\n\t\t\t<a class=\"elementor-post__thumbnail__link\" href=\"https:\/\/gochiapas.com\/index.php\/2022\/04\/19\/izamal\/\">\n\t\t\t\t<div class=\"elementor-portfolio-item__img elementor-post__thumbnail\">\n\t\t\t<img decoding=\"async\" width=\"1712\" height=\"1260\" src=\"https:\/\/gochiapas.com\/wp-content\/uploads\/2022\/04\/izamal-yucatan-pueblo-magico-1.jpg\" class=\"attachment-full size-full wp-image-1673\" alt=\"\" srcset=\"https:\/\/gochiapas.com\/wp-content\/uploads\/2022\/04\/izamal-yucatan-pueblo-magico-1.jpg 1712w, https:\/\/gochiapas.com\/wp-content\/uploads\/2022\/04\/izamal-yucatan-pueblo-magico-1-300x221.jpg 300w, https:\/\/gochiapas.com\/wp-content\/uploads\/2022\/04\/izamal-yucatan-pueblo-magico-1-1024x754.jpg 1024w, https:\/\/gochiapas.com\/wp-content\/uploads\/2022\/04\/izamal-yucatan-pueblo-magico-1-768x565.jpg 768w, https:\/\/gochiapas.com\/wp-content\/uploads\/2022\/04\/izamal-yucatan-pueblo-magico-1-1536x1130.jpg 1536w\" sizes=\"(max-width: 1712px) 100vw, 1712px\" \/>\t\t<\/div>\n\t\t\t\t<div class=\"elementor-portfolio-item__overlay\">\n\t\t\t\t<h3 class=\"elementor-portfolio-item__title\">\n\t\tIzamal\t\t<\/h3>\n\t\t\t\t<\/div>\n\t\t\t\t<\/a>\n\t\t<\/article>\n\t\t\t\t<article class=\"elementor-portfolio-item elementor-post elementor-filter-1 post-1665 post type-post status-publish format-standard has-post-thumbnail hentry category-uncategorized tag-atractivos_turisticos tag-merida\" role=\"listitem\">\n\t\t\t<a class=\"elementor-post__thumbnail__link\" href=\"https:\/\/gochiapas.com\/index.php\/2022\/04\/19\/rio-lagartos-y-las-coloradas\/\">\n\t\t\t\t<div class=\"elementor-portfolio-item__img elementor-post__thumbnail\">\n\t\t\t<img decoding=\"async\" width=\"2560\" height=\"979\" src=\"https:\/\/gochiapas.com\/wp-content\/uploads\/2022\/04\/Rio-Lagartos-16YUCATAN-scaled-1.jpg\" class=\"attachment-full size-full wp-image-1667\" alt=\"\" srcset=\"https:\/\/gochiapas.com\/wp-content\/uploads\/2022\/04\/Rio-Lagartos-16YUCATAN-scaled-1.jpg 2560w, https:\/\/gochiapas.com\/wp-content\/uploads\/2022\/04\/Rio-Lagartos-16YUCATAN-scaled-1-300x115.jpg 300w, https:\/\/gochiapas.com\/wp-content\/uploads\/2022\/04\/Rio-Lagartos-16YUCATAN-scaled-1-1024x392.jpg 1024w, https:\/\/gochiapas.com\/wp-content\/uploads\/2022\/04\/Rio-Lagartos-16YUCATAN-scaled-1-768x294.jpg 768w, https:\/\/gochiapas.com\/wp-content\/uploads\/2022\/04\/Rio-Lagartos-16YUCATAN-scaled-1-1536x587.jpg 1536w, https:\/\/gochiapas.com\/wp-content\/uploads\/2022\/04\/Rio-Lagartos-16YUCATAN-scaled-1-2048x783.jpg 2048w\" sizes=\"(max-width: 2560px) 100vw, 2560px\" \/>\t\t<\/div>\n\t\t\t\t<div class=\"elementor-portfolio-item__overlay\">\n\t\t\t\t<h3 class=\"elementor-portfolio-item__title\">\n\t\tR\u00eco Lagartos y Las Coloradas\t\t<\/h3>\n\t\t\t\t<\/div>\n\t\t\t\t<\/a>\n\t\t<\/article>\n\t\t\t\t<article class=\"elementor-portfolio-item elementor-post elementor-filter-1 post-1661 post type-post status-publish format-standard has-post-thumbnail hentry category-uncategorized tag-atractivos_turisticos tag-merida\" role=\"listitem\">\n\t\t\t<a class=\"elementor-post__thumbnail__link\" href=\"https:\/\/gochiapas.com\/index.php\/2022\/04\/19\/ex-hacienda-mucuyche\/\">\n\t\t\t\t<div class=\"elementor-portfolio-item__img elementor-post__thumbnail\">\n\t\t\t<img loading=\"lazy\" decoding=\"async\" width=\"1500\" height=\"1100\" src=\"https:\/\/gochiapas.com\/wp-content\/uploads\/2022\/04\/Explore_Cenotes.jpg\" class=\"attachment-full size-full wp-image-1662\" alt=\"\" srcset=\"https:\/\/gochiapas.com\/wp-content\/uploads\/2022\/04\/Explore_Cenotes.jpg 1500w, https:\/\/gochiapas.com\/wp-content\/uploads\/2022\/04\/Explore_Cenotes-300x220.jpg 300w, https:\/\/gochiapas.com\/wp-content\/uploads\/2022\/04\/Explore_Cenotes-1024x751.jpg 1024w, https:\/\/gochiapas.com\/wp-content\/uploads\/2022\/04\/Explore_Cenotes-768x563.jpg 768w\" sizes=\"(max-width: 1500px) 100vw, 1500px\" \/>\t\t<\/div>\n\t\t\t\t<div class=\"elementor-portfolio-item__overlay\">\n\t\t\t\t<h3 class=\"elementor-portfolio-item__title\">\n\t\tEx Hacienda Mucuych\u00e9\t\t<\/h3>\n\t\t\t\t<\/div>\n\t\t\t\t<\/a>\n\t\t<\/article>\n\t\t\t\t<article class=\"elementor-portfolio-item elementor-post elementor-filter-1 post-1656 post type-post status-publish format-standard has-post-thumbnail hentry category-uncategorized tag-atractivos_turisticos tag-merida\" role=\"listitem\">\n\t\t\t<a class=\"elementor-post__thumbnail__link\" href=\"https:\/\/gochiapas.com\/index.php\/2022\/04\/19\/chichen-itza\/\">\n\t\t\t\t<div class=\"elementor-portfolio-item__img elementor-post__thumbnail\">\n\t\t\t<img loading=\"lazy\" decoding=\"async\" width=\"1500\" height=\"884\" src=\"https:\/\/gochiapas.com\/wp-content\/uploads\/2022\/04\/chichen.jpg\" class=\"attachment-full size-full wp-image-1657\" alt=\"\" srcset=\"https:\/\/gochiapas.com\/wp-content\/uploads\/2022\/04\/chichen.jpg 1500w, https:\/\/gochiapas.com\/wp-content\/uploads\/2022\/04\/chichen-300x177.jpg 300w, https:\/\/gochiapas.com\/wp-content\/uploads\/2022\/04\/chichen-1024x603.jpg 1024w, https:\/\/gochiapas.com\/wp-content\/uploads\/2022\/04\/chichen-768x453.jpg 768w\" sizes=\"(max-width: 1500px) 100vw, 1500px\" \/>\t\t<\/div>\n\t\t\t\t<div class=\"elementor-portfolio-item__overlay\">\n\t\t\t\t<h3 class=\"elementor-portfolio-item__title\">\n\t\tChich\u00e9n Itz\u00e1\t\t<\/h3>\n\t\t\t\t<\/div>\n\t\t\t\t<\/a>\n\t\t<\/article>\n\t\t\t\t<article class=\"elementor-portfolio-item elementor-post elementor-filter-1 post-1652 post type-post status-publish format-standard has-post-thumbnail hentry category-uncategorized tag-atractivos_turisticos tag-merida\" role=\"listitem\">\n\t\t\t<a class=\"elementor-post__thumbnail__link\" href=\"https:\/\/gochiapas.com\/index.php\/2022\/04\/19\/celestum\/\">\n\t\t\t\t<div class=\"elementor-portfolio-item__img elementor-post__thumbnail\">\n\t\t\t<img loading=\"lazy\" decoding=\"async\" width=\"1920\" height=\"1080\" src=\"https:\/\/gochiapas.com\/wp-content\/uploads\/2022\/04\/HuaweiCelestunFl.jpg\" class=\"attachment-full size-full wp-image-1654\" alt=\"\" srcset=\"https:\/\/gochiapas.com\/wp-content\/uploads\/2022\/04\/HuaweiCelestunFl.jpg 1920w, https:\/\/gochiapas.com\/wp-content\/uploads\/2022\/04\/HuaweiCelestunFl-300x169.jpg 300w, https:\/\/gochiapas.com\/wp-content\/uploads\/2022\/04\/HuaweiCelestunFl-1024x576.jpg 1024w, https:\/\/gochiapas.com\/wp-content\/uploads\/2022\/04\/HuaweiCelestunFl-768x432.jpg 768w, https:\/\/gochiapas.com\/wp-content\/uploads\/2022\/04\/HuaweiCelestunFl-1536x864.jpg 1536w\" sizes=\"(max-width: 1920px) 100vw, 1920px\" \/>\t\t<\/div>\n\t\t\t\t<div class=\"elementor-portfolio-item__overlay\">\n\t\t\t\t<h3 class=\"elementor-portfolio-item__title\">\n\t\tCelestum\t\t<\/h3>\n\t\t\t\t<\/div>\n\t\t\t\t<\/a>\n\t\t<\/article>\n\t\t\t\t<\/div>\n\t\t\t\t\t\t<\/div>\n\t\t\t\t<\/div>\n\t\t\t\t\t<\/div>\n\t\t<\/div>\n\t\t\t\t\t<\/div>\n\t\t<\/section>\n\t\t\t\t<\/div>\n\t\t","protected":false},"excerpt":{"rendered":"<p>M\u00e9rida La belleza de Yucat\u00e1n enmarcadas por M\u00e9rida, cenotes, playas y textiles. Descubre<\/p>\n","protected":false},"author":1,"featured_media":0,"parent":0,"menu_order":0,"comment_status":"closed","ping_status":"closed","template":"","meta":{"footnotes":""},"class_list":["post-1623","page","type-page","status-publish","hentry"],"_links":{"self":[{"href":"https:\/\/gochiapas.com\/index.php\/wp-json\/wp\/v2\/pages\/1623","targetHints":{"allow":["GET"]}}],"collection":[{"href":"https:\/\/gochiapas.com\/index.php\/wp-json\/wp\/v2\/pages"}],"about":[{"href":"https:\/\/gochiapas.com\/index.php\/wp-json\/wp\/v2\/types\/page"}],"author":[{"embeddable":true,"href":"https:\/\/gochiapas.com\/index.php\/wp-json\/wp\/v2\/users\/1"}],"replies":[{"embeddable":true,"href":"https:\/\/gochiapas.com\/index.php\/wp-json\/wp\/v2\/comments?post=1623"}],"version-history":[{"count":19,"href":"https:\/\/gochiapas.com\/index.php\/wp-json\/wp\/v2\/pages\/1623\/revisions"}],"predecessor-version":[{"id":1642,"href":"https:\/\/gochiapas.com\/index.php\/wp-json\/wp\/v2\/pages\/1623\/revisions\/1642"}],"wp:attachment":[{"href":"https:\/\/gochiapas.com\/index.php\/wp-json\/wp\/v2\/media?parent=1623"}],"curies":[{"name":"wp","href":"https:\/\/api.w.org\/{rel}","templated":true}]}}